{"id":199,"date":"2026-04-03T15:52:37","date_gmt":"2026-04-03T15:52:37","guid":{"rendered":"https:\/\/www.praxisschell.de\/?page_id=199"},"modified":"2026-04-03T15:53:21","modified_gmt":"2026-04-03T15:53:21","slug":"impressum","status":"publish","type":"page","link":"https:\/\/www.praxisschell.de\/index.php\/impressum\/","title":{"rendered":""},"content":{"rendered":"\n<p><\/p>\n\n\n\n<h2 class=\"wp-block-heading\">Impressum<\/h2>\n\n\n\n<p><strong>Verantwortlich f\u00fcr diese Website ist<\/strong> <\/p>\n\n\n\n<p>Dipl. &#8211; P\u00e4d. Carsten Schell <\/p>\n\n\n\n<p>Kinder- und Jugendlichenpsychotherapeut <br>(Verhaltenstherapie, Gruppentherapie) <br>Eichendorffstrasse 16 <br>74211 Leingarten <br>Telefon: 07131 40 500 04 <br>E-Mail: info@praxisschell.de <br><br>Berufsbezeichnung und Therapieverfahren (verliehen in der Bundesrepublik Deutschland) Kinder- und Jugendlichenpsychotherapeut Verhaltenstherapie, Gruppentherapie<\/p>\n\n\n\n<p><br><strong>Zust\u00e4ndige Aufsichtsbeh\u00f6rde<\/strong> <\/p>\n\n\n\n<p>Landespsychotherapeutenkammer Baden-W\u00fcrttemberg <br>LPK &#8211; BW &#8211; K\u00f6rperschaft des \u00f6ffentlichen Rechts <br>J\u00e4gerstr. 40<br>70174 Stuttgart<br>Telefon: 0711 67 44 70 0 <\/p>\n\n\n\n<p>Die Approbation als Kinder- und Jugendlichenpsychotherapeut wurde am 03.05.2018 durch das Regierungspr\u00e4sidium Stuttgart erteilt. Die Approbation berechtigt den Kinder- und Jugendlichenpsychotherapeut Dipl. &#8211; P\u00e4d. Carsten Schell zur Aus\u00fcbung der heilkundlichen Psychotherapie im Sinne des Paragraf 1 Abs.3 Satz 1 in Verbindung mit Abs. 2 des Psychotherapeutengesetztes.<br><\/p>\n\n\n\n<p><strong>Zust\u00e4ndige Kassen\u00e4rztliche Vereinigung<\/strong> <\/p>\n\n\n\n<p>Kassen\u00e4rztliche Vereinigung Baden &#8211; W\u00fcrttemberg KV &#8211; BW &#8211; Bezirksdirektion Stuttgart Albstadtweg 11, 70567 Stuttgart, Telefon: 0711- 7875-0 Eintrag ins Arztregister erfolgte unter der Nummer 6120406 am 24.05.2018 als Kinder- und Jugendlichenpsychotherapeut in Stuttgart, Baden-W\u00fcrttemberg. Zulassung zur Aus\u00fcbung vertragspsychotherapeutischer T\u00e4tigkeit gem\u00e4ss ?? 1 Abs.3 Nr. 1, 19 Abs. 1 \u00c4rzte- ZV durch den Zulassungsausschuss f\u00fcr \u00c4rzte f\u00fcr den Bezirk der Kassen\u00e4rztlichen Vereinigung Baden-W\u00fcrttemberg -Regierungsbezirk Stuttgart- am 26.02.2020. Die Genehmigung zur Ausf\u00fchrung und Abrechnung vertragspsychotherapeutischer Leistungen durch die Kassen\u00e4rztliche Vereinigung Baden-W\u00fcrttemberg erfolgte am 01.07.2020<br><\/p>\n\n\n\n<p><strong>Massgebliche berufsrechtliche Regelung<\/strong><\/p>\n\n\n\n<p><\/p>\n\n\n\n<p>1. Gesetz \u00fcber den Beruf des Kinder- und Jugendlichenpsychotherapeuten (Psychotherapeutengesetz- PsychThG) <\/p>\n\n\n\n<p>2. Berufsordnung der Landespsychotherapeutenkammer Baden-W\u00fcrttemberg Landesgesundheitsdienstegesetz, Landesheilberufekammergesetz: Texte der genannten Bestimmungen sind im Buchhandel erh\u00e4ltlich oder im Internet auf der Seite der Aufsichtsbeh\u00f6rde abrufbar.<\/p>\n\n\n\n<p><br><strong>Haftungsausschluss (Disclaimer)<\/strong> <\/p>\n\n\n\n<p>Die Internetseite enth\u00e4lt Links zu Internetseiten Dritter. Aufgrund fehlender regelm\u00e4ssiger Kontrollm\u00f6glichkeiten kann f\u00fcr deren Inhalt keinerlei Verantwortung \u00fcbernommen werden. Meine Praxis schlie?t jegliche Haftung f\u00fcr Sch?den, die direkt oder indirekt aus der Benutzung dieser Internetseite und deren Verlinkungen entstehen, aus, soweit diese nicht auf Vorsatz oder grobe Fahrl\u00e4ssigkeit beruhen.<\/p>\n","protected":false},"excerpt":{"rendered":"<p>Impressum Verantwortlich f\u00fcr diese Website ist Dipl. &#8211; P\u00e4d. Carsten Schell Kinder- und Jugendlichenpsychotherapeut (Verhaltenstherapie, Gruppentherapie) Eichendorffstrasse 16 74211 Leingarten Telefon: 07131 40 500 04 E-Mail: info@praxisschell.de Berufsbezeichnung und Therapieverfahren (verliehen in der Bundesrepublik Deutschland) Kinder- und Jugendlichenpsychotherapeut Verhaltenstherapie, Gruppentherapie Zust\u00e4ndige Aufsichtsbeh\u00f6rde Landespsychotherapeutenkammer Baden-W\u00fcrttemberg LPK &#8211; BW &#8211; K\u00f6rperschaft des \u00f6ffentlichen Rechts J\u00e4gerstr. 4070174 StuttgartTelefon: [&hellip;]<\/p>\n","protected":false},"author":1,"featured_media":0,"parent":0,"menu_order":0,"comment_status":"closed","ping_status":"closed","template":"page-no-title","meta":{"footnotes":""},"class_list":["post-199","page","type-page","status-publish","hentry"],"_links":{"self":[{"href":"https:\/\/www.praxisschell.de\/index.php\/wp-json\/wp\/v2\/pages\/199","targetHints":{"allow":["GET"]}}],"collection":[{"href":"https:\/\/www.praxisschell.de\/index.php\/wp-json\/wp\/v2\/pages"}],"about":[{"href":"https:\/\/www.praxisschell.de\/index.php\/wp-json\/wp\/v2\/types\/page"}],"author":[{"embeddable":true,"href":"https:\/\/www.praxisschell.de\/index.php\/wp-json\/wp\/v2\/users\/1"}],"replies":[{"embeddable":true,"href":"https:\/\/www.praxisschell.de\/index.php\/wp-json\/wp\/v2\/comments?post=199"}],"version-history":[{"count":2,"href":"https:\/\/www.praxisschell.de\/index.php\/wp-json\/wp\/v2\/pages\/199\/revisions"}],"predecessor-version":[{"id":202,"href":"https:\/\/www.praxisschell.de\/index.php\/wp-json\/wp\/v2\/pages\/199\/revisions\/202"}],"wp:attachment":[{"href":"https:\/\/www.praxisschell.de\/index.php\/wp-json\/wp\/v2\/media?parent=199"}],"curies":[{"name":"wp","href":"https:\/\/api.w.org\/{rel}","templated":true}]}}

<p></p>



<h2 class="wp-block-heading">Impressum</h2>



<p><strong>Verantwortlich für diese Website ist</strong> </p>



<p>Dipl. &#8211; Päd. Carsten Schell </p>



<p>Kinder- und Jugendlichenpsychotherapeut <br>(Verhaltenstherapie, Gruppentherapie) <br>Eichendorffstrasse 16 <br>74211 Leingarten <br>Telefon: 07131 40 500 04 <br>E-Mail: info@praxisschell.de <br><br>Berufsbezeichnung und Therapieverfahren (verliehen in der Bundesrepublik Deutschland) Kinder- und Jugendlichenpsychotherapeut Verhaltenstherapie, Gruppentherapie</p>



<p><br><strong>Zuständige Aufsichtsbehörde</strong> </p>



<p>Landespsychotherapeutenkammer Baden-Württemberg <br>LPK &#8211; BW &#8211; Körperschaft des öffentlichen Rechts <br>Jägerstr. 40<br>70174 Stuttgart<br>Telefon: 0711 67 44 70 0 </p>



<p>Die Approbation als Kinder- und Jugendlichenpsychotherapeut wurde am 03.05.2018 durch das Regierungspräsidium Stuttgart erteilt. Die Approbation berechtigt den Kinder- und Jugendlichenpsychotherapeut Dipl. &#8211; Päd. Carsten Schell zur Ausübung der heilkundlichen Psychotherapie im Sinne des Paragraf 1 Abs.3 Satz 1 in Verbindung mit Abs. 2 des Psychotherapeutengesetztes.<br></p>



<p><strong>Zuständige Kassenärztliche Vereinigung</strong> </p>



<p>Kassenärztliche Vereinigung Baden &#8211; Württemberg KV &#8211; BW &#8211; Bezirksdirektion Stuttgart Albstadtweg 11, 70567 Stuttgart, Telefon: 0711- 7875-0 Eintrag ins Arztregister erfolgte unter der Nummer 6120406 am 24.05.2018 als Kinder- und Jugendlichenpsychotherapeut in Stuttgart, Baden-Württemberg. Zulassung zur Ausübung vertragspsychotherapeutischer Tätigkeit gemäss ?? 1 Abs.3 Nr. 1, 19 Abs. 1 Ärzte- ZV durch den Zulassungsausschuss für Ärzte für den Bezirk der Kassenärztlichen Vereinigung Baden-Württemberg -Regierungsbezirk Stuttgart- am 26.02.2020. Die Genehmigung zur Ausführung und Abrechnung vertragspsychotherapeutischer Leistungen durch die Kassenärztliche Vereinigung Baden-Württemberg erfolgte am 01.07.2020<br></p>



<p><strong>Massgebliche berufsrechtliche Regelung</strong></p>



<p></p>



<p>1. Gesetz über den Beruf des Kinder- und Jugendlichenpsychotherapeuten (Psychotherapeutengesetz- PsychThG) </p>



<p>2. Berufsordnung der Landespsychotherapeutenkammer Baden-Württemberg Landesgesundheitsdienstegesetz, Landesheilberufekammergesetz: Texte der genannten Bestimmungen sind im Buchhandel erhältlich oder im Internet auf der Seite der Aufsichtsbehörde abrufbar.</p>



<p><br><strong>Haftungsausschluss (Disclaimer)</strong> </p>



<p>Die Internetseite enthält Links zu Internetseiten Dritter. Aufgrund fehlender regelmässiger Kontrollmöglichkeiten kann für deren Inhalt keinerlei Verantwortung übernommen werden. Meine Praxis schlie?t jegliche Haftung für Sch?den, die direkt oder indirekt aus der Benutzung dieser Internetseite und deren Verlinkungen entstehen, aus, soweit diese nicht auf Vorsatz oder grobe Fahrlässigkeit beruhen.</p>

<p>Impressum Verantwortlich für diese Website ist Dipl. &#8211; Päd. Carsten Schell Kinder- und Jugendlichenpsychotherapeut (Verhaltenstherapie, Gruppentherapie) Eichendorffstrasse 16 74211 Leingarten Telefon: 07131 40 500 04 E-Mail: info@praxisschell.de Berufsbezeichnung und Therapieverfahren (verliehen in der Bundesrepublik Deutschland) Kinder- und Jugendlichenpsychotherapeut Verhaltenstherapie, Gruppentherapie Zuständige Aufsichtsbehörde Landespsychotherapeutenkammer Baden-Württemberg LPK &#8211; BW &#8211; Körperschaft des öffentlichen Rechts Jägerstr. 4070174 StuttgartTelefon: [&hellip;]</p>
